CRAN Package Check Results for Package ICD10gm

Last updated on 2025-01-24 21:48:26 CET.

Flavor Version Tinstall Tcheck Ttotal Status Flags
r-devel-linux-x86_64-debian-clang 1.2.5 44.18 160.98 205.16 NOTE
r-devel-linux-x86_64-debian-gcc 1.2.5 31.58 107.77 139.35 NOTE
r-devel-linux-x86_64-fedora-clang 1.2.5 327.97 OK
r-devel-linux-x86_64-fedora-gcc 1.2.5 344.83 NOTE
r-devel-windows-x86_64 1.2.5 43.00 158.00 201.00 OK
r-patched-linux-x86_64 1.2.5 40.80 152.22 193.02 OK
r-release-linux-x86_64 1.2.5 42.77 153.27 196.04 OK
r-release-macos-arm64 1.2.5 108.00 OK
r-release-macos-x86_64 1.2.5 152.00 OK
r-release-windows-x86_64 1.2.5 44.00 158.00 202.00 OK
r-oldrel-macos-arm64 1.2.5 116.00 OK
r-oldrel-macos-x86_64 1.2.5 174.00 OK
r-oldrel-windows-x86_64 1.2.5 51.00 191.00 242.00 OK

Check Details

Version: 1.2.5
Check: DESCRIPTION meta-information
Result: NOTE Missing dependency on R >= 4.1.0 because package code uses the pipe |> or function shorthand \(...) syntax added in R 4.1.0. File(s) using such syntax: ‘icd_lookup.R’ Flavors: r-devel-linux-x86_64-debian-clang, r-devel-linux-x86_64-debian-gcc, r-devel-linux-x86_64-fedora-gcc