Last updated on 2025-01-23 15:49:18 CET.
Flavor | Version | Tinstall | Tcheck | Ttotal | Status | Flags |
---|---|---|---|---|---|---|
r-devel-linux-x86_64-debian-clang | 0.2.2 | 7.62 | 95.56 | 103.18 | OK | |
r-devel-linux-x86_64-debian-gcc | 0.2.2 | 5.69 | 68.31 | 74.00 | OK | |
r-devel-linux-x86_64-fedora-clang | 0.2.2 | 160.24 | OK | |||
r-devel-linux-x86_64-fedora-gcc | 0.2.2 | 149.90 | OK | |||
r-devel-windows-x86_64 | 0.2.2 | 11.00 | 104.00 | 115.00 | OK | |
r-patched-linux-x86_64 | 0.2.2 | 9.08 | 86.05 | 95.13 | OK | |
r-release-linux-x86_64 | 0.2.2 | 6.99 | 83.67 | 90.66 | OK | |
r-release-macos-arm64 | 0.2.2 | 44.00 | OK | |||
r-release-macos-x86_64 | 0.2.2 | 65.00 | OK | |||
r-release-windows-x86_64 | 0.2.2 | 11.00 | 111.00 | 122.00 | OK | |
r-oldrel-macos-arm64 | 0.2.2 | 49.00 | OK | |||
r-oldrel-macos-x86_64 | 0.2.2 | 74.00 | NOTE | |||
r-oldrel-windows-x86_64 | 0.2.2 | 13.00 | 130.00 | 143.00 | OK |
Version: 0.2.2
Check: package dependencies
Result: NOTE
Package suggested but not available for checking: ‘xgboost’
Flavor: r-oldrel-macos-x86_64