Last updated on 2025-01-24 18:49:44 CET.
Flavor | Version | Tinstall | Tcheck | Ttotal | Status | Flags |
---|---|---|---|---|---|---|
r-devel-linux-x86_64-debian-clang | 1.0.0 | 53.43 | 148.01 | 201.44 | NOTE | |
r-devel-linux-x86_64-debian-gcc | 1.0.0 | 39.03 | 101.24 | 140.27 | NOTE | |
r-devel-linux-x86_64-fedora-clang | 1.0.0 | 319.38 | OK | |||
r-devel-linux-x86_64-fedora-gcc | 1.0.0 | 310.65 | NOTE | |||
r-devel-windows-x86_64 | 1.0.0 | 54.00 | 144.00 | 198.00 | OK | |
r-patched-linux-x86_64 | 1.0.0 | 54.32 | 136.33 | 190.65 | OK | |
r-release-linux-x86_64 | 1.0.0 | 49.13 | 138.39 | 187.52 | OK | |
r-release-macos-arm64 | 1.0.0 | 91.00 | OK | |||
r-release-macos-x86_64 | 1.0.0 | 173.00 | OK | |||
r-release-windows-x86_64 | 1.0.0 | 55.00 | 140.00 | 195.00 | OK | |
r-oldrel-macos-arm64 | 1.0.0 | 107.00 | OK | |||
r-oldrel-macos-x86_64 | 1.0.0 | 150.00 | OK | |||
r-oldrel-windows-x86_64 | 1.0.0 | 73.00 | 187.00 | 260.00 | OK |
Version: 1.0.0
Check: DESCRIPTION meta-information
Result: NOTE
Missing dependency on R >= 4.1.0 because package code uses the pipe
|> or function shorthand \(...) syntax added in R 4.1.0.
File(s) using such syntax:
‘get_shapes.R’
Flavors: r-devel-linux-x86_64-debian-clang, r-devel-linux-x86_64-debian-gcc, r-devel-linux-x86_64-fedora-gcc