Last updated on 2025-01-18 09:49:18 CET.
Flavor | Version | Tinstall | Tcheck | Ttotal | Status | Flags |
---|---|---|---|---|---|---|
r-devel-linux-x86_64-debian-clang | 1.2.7 | 166.15 | 326.45 | 492.60 | OK | |
r-devel-linux-x86_64-debian-gcc | 1.2.7 | 101.96 | 223.78 | 325.74 | OK | |
r-devel-linux-x86_64-fedora-clang | 1.2.7 | 784.83 | OK | |||
r-devel-linux-x86_64-fedora-gcc | 1.2.7 | 823.54 | OK | |||
r-devel-windows-x86_64 | 1.2.7 | 168.00 | 317.00 | 485.00 | OK | |
r-patched-linux-x86_64 | 1.2.7 | 165.31 | 302.42 | 467.73 | OK | |
r-release-linux-x86_64 | 1.2.7 | 153.58 | 298.81 | 452.39 | OK | |
r-release-macos-arm64 | 1.2.7 | 243.00 | NOTE | |||
r-release-macos-x86_64 | 1.2.7 | 363.00 | NOTE | |||
r-release-windows-x86_64 | 1.2.7 | 171.00 | 315.00 | 486.00 | NOTE | |
r-oldrel-macos-arm64 | 1.2.7 | 229.00 | NOTE | |||
r-oldrel-macos-x86_64 | 1.2.7 | 579.00 | NOTE | |||
r-oldrel-windows-x86_64 | 1.2.7 | 230.00 | 404.00 | 634.00 | NOTE |
Version: 1.2.7
Check: installed package size
Result: NOTE
installed size is 7.6Mb
sub-directories of 1Mb or more:
R 7.0Mb
Flavors: r-release-macos-arm64, r-release-macos-x86_64, r-release-windows-x86_64, r-oldrel-macos-arm64, r-oldrel-macos-x86_64, r-oldrel-windows-x86_64