Last updated on 2025-01-24 18:49:42 CET.
Flavor | Version | Tinstall | Tcheck | Ttotal | Status | Flags |
---|---|---|---|---|---|---|
r-devel-linux-x86_64-debian-clang | 2.3-3 | 16.06 | 139.24 | 155.30 | NOTE | |
r-devel-linux-x86_64-debian-gcc | 2.3-3 | 9.64 | 89.83 | 99.47 | NOTE | |
r-devel-linux-x86_64-fedora-clang | 2.3-3 | 252.24 | OK | |||
r-devel-linux-x86_64-fedora-gcc | 2.3-3 | 236.54 | OK | |||
r-devel-windows-x86_64 | 2.3-3 | 18.00 | 146.00 | 164.00 | NOTE | |
r-patched-linux-x86_64 | 2.3-3 | 21.39 | 128.61 | 150.00 | OK | |
r-release-linux-x86_64 | 2.3-3 | 14.01 | 128.83 | 142.84 | OK | |
r-release-macos-arm64 | 2.3-3 | 56.00 | OK | |||
r-release-macos-x86_64 | 2.3-3 | 97.00 | OK | |||
r-release-windows-x86_64 | 2.3-3 | 16.00 | 141.00 | 157.00 | OK | |
r-oldrel-macos-arm64 | 2.3-3 | 55.00 | OK | |||
r-oldrel-macos-x86_64 | 2.3-3 | 184.00 | OK | |||
r-oldrel-windows-x86_64 | 2.3-3 | 21.00 | 227.00 | 248.00 | OK |
Version: 2.3-3
Check: Rd cross-references
Result: NOTE
Found the following Rd file(s) with Rd \link{} targets missing package
anchors:
FrF2Large.Rd: Letters
makecatlg.Rd: Letters
pb.Rd: generalized.word.length, length3, length4
Please provide package anchors for all Rd \link{} targets not in the
package itself and the base packages.
Flavors: r-devel-linux-x86_64-debian-clang, r-devel-linux-x86_64-debian-gcc, r-devel-windows-x86_64