CRAN Package Check Results for Package FielDHub

Last updated on 2025-01-25 03:49:51 CET.

Flavor Version Tinstall Tcheck Ttotal Status Flags
r-devel-linux-x86_64-debian-clang 1.4.2 24.86 294.36 319.22 OK
r-devel-linux-x86_64-debian-gcc 1.4.2 17.23 180.44 197.67 OK
r-devel-linux-x86_64-fedora-clang 1.4.2 522.37 OK
r-devel-linux-x86_64-fedora-gcc 1.4.2 510.70 OK
r-devel-windows-x86_64 1.4.2 27.00 252.00 279.00 OK
r-patched-linux-x86_64 1.4.2 24.36 272.27 296.63 OK
r-release-linux-x86_64 1.4.2 25.42 275.51 300.93 OK
r-release-macos-arm64 1.4.2 134.00 NOTE
r-release-macos-x86_64 1.4.2 407.00 NOTE
r-release-windows-x86_64 1.4.2 26.00 251.00 277.00 OK
r-oldrel-macos-arm64 1.4.2 177.00 NOTE
r-oldrel-macos-x86_64 1.4.2 364.00 NOTE
r-oldrel-windows-x86_64 1.4.2 36.00 327.00 363.00 OK

Check Details

Version: 1.4.2
Check: installed package size
Result: NOTE installed size is 5.8Mb sub-directories of 1Mb or more: R 2.0Mb doc 1.8Mb help 1.1Mb Flavors: r-release-macos-arm64, r-release-macos-x86_64, r-oldrel-macos-arm64, r-oldrel-macos-x86_64