CRAN Package Check Results for Package FFTrees

Last updated on 2025-01-20 12:56:41 CET.

Flavor Version Tinstall Tcheck Ttotal Status Flags
r-devel-linux-x86_64-debian-clang 2.0.0 21.28 356.90 378.18 NOTE
r-devel-linux-x86_64-debian-gcc 2.0.0 14.48 243.56 258.04 NOTE
r-devel-linux-x86_64-fedora-clang 2.0.0 604.88 OK
r-devel-linux-x86_64-fedora-gcc 2.0.0 570.81 OK
r-devel-windows-x86_64 2.0.0 22.00 338.00 360.00 NOTE
r-patched-linux-x86_64 2.0.0 30.33 332.40 362.73 OK
r-release-linux-x86_64 2.0.0 19.88 328.83 348.71 OK
r-release-macos-arm64 2.0.0 178.00 OK
r-release-macos-x86_64 2.0.0 243.00 OK
r-release-windows-x86_64 2.0.0 22.00 332.00 354.00 OK
r-oldrel-macos-arm64 2.0.0 181.00 OK
r-oldrel-macos-x86_64 2.0.0 410.00 OK
r-oldrel-windows-x86_64 2.0.0 29.00 425.00 454.00 OK

Check Details

Version: 2.0.0
Check: Rd cross-references
Result: NOTE Found the following Rd file(s) with Rd \link{} targets missing package anchors: classtable.Rd: confusionMatrix Please provide package anchors for all Rd \link{} targets not in the package itself and the base packages. Flavors: r-devel-linux-x86_64-debian-clang, r-devel-linux-x86_64-debian-gcc, r-devel-windows-x86_64