Last updated on 2025-01-26 07:52:29 CET.
Flavor | Version | Tinstall | Tcheck | Ttotal | Status | Flags |
---|---|---|---|---|---|---|
r-devel-linux-x86_64-debian-clang | 2.5.0 | 29.46 | 549.34 | 578.80 | OK | |
r-devel-linux-x86_64-debian-gcc | 2.5.0 | 19.40 | 363.53 | 382.93 | OK | |
r-devel-linux-x86_64-fedora-clang | 2.5.0 | 1003.09 | OK | |||
r-devel-linux-x86_64-fedora-gcc | 2.5.0 | 936.70 | OK | |||
r-devel-windows-x86_64 | 2.5.0 | 33.00 | 562.00 | 595.00 | OK | |
r-patched-linux-x86_64 | 2.5.0 | 34.14 | 503.71 | 537.85 | OK | |
r-release-linux-x86_64 | 2.5.0 | 27.32 | 508.95 | 536.27 | OK | |
r-release-macos-arm64 | 2.5.0 | 160.00 | OK | |||
r-release-macos-x86_64 | 2.5.0 | 276.00 | OK | |||
r-release-windows-x86_64 | 2.5.0 | 33.00 | 522.00 | 555.00 | NOTE | |
r-oldrel-macos-arm64 | 2.5.0 | 233.00 | OK | |||
r-oldrel-macos-x86_64 | 2.5.0 | 307.00 | OK | |||
r-oldrel-windows-x86_64 | 2.5.0 | 42.00 | 695.00 | 737.00 | NOTE |
Version: 2.5.0
Check: installed package size
Result: NOTE
installed size is 5.1Mb
sub-directories of 1Mb or more:
doc 2.8Mb
Flavors: r-release-windows-x86_64, r-oldrel-windows-x86_64