CRAN Package Check Results for Package E4tools

Last updated on 2025-01-14 09:49:20 CET.

Flavor Version Tinstall Tcheck Ttotal Status Flags
r-devel-linux-x86_64-debian-clang 0.1.1 4.73 41.91 46.64 OK
r-devel-linux-x86_64-debian-gcc 0.1.1 2.35 31.66 34.01 OK
r-devel-linux-x86_64-fedora-clang 0.1.1 71.23 NOTE
r-devel-linux-x86_64-fedora-gcc 0.1.1 82.72 NOTE
r-devel-windows-x86_64 0.1.1 7.00 67.00 74.00 OK
r-patched-linux-x86_64 0.1.1 4.22 38.67 42.89 NOTE
r-release-linux-x86_64 0.1.1 4.17 39.20 43.37 NOTE
r-release-macos-arm64 0.1.1 33.00 NOTE
r-release-macos-x86_64 0.1.1 48.00 NOTE
r-release-windows-x86_64 0.1.1 7.00 64.00 71.00 NOTE
r-oldrel-macos-arm64 0.1.1 36.00 NOTE
r-oldrel-macos-x86_64 0.1.1 50.00 NOTE
r-oldrel-windows-x86_64 0.1.1 7.00 74.00 81.00 NOTE

Check Details

Version: 0.1.1
Check: dependencies in R code
Result: NOTE Namespace in Imports field not imported from: ‘hms’ All declared Imports should be used. Flavors: r-devel-linux-x86_64-fedora-clang, r-devel-linux-x86_64-fedora-gcc

Version: 0.1.1
Check: LazyData
Result: NOTE 'LazyData' is specified without a 'data' directory Flavors: r-patched-linux-x86_64, r-release-linux-x86_64, r-release-macos-arm64, r-release-macos-x86_64, r-release-windows-x86_64, r-oldrel-macos-arm64, r-oldrel-macos-x86_64, r-oldrel-windows-x86_64