CRAN Package Check Results for Package DeepLearningCausal

Last updated on 2025-01-23 12:54:55 CET.

Flavor Version Tinstall Tcheck Ttotal Status Flags
r-devel-linux-x86_64-debian-clang 0.0.104 3.15 30.37 33.52 OK
r-devel-linux-x86_64-debian-gcc 0.0.104 2.23 22.75 24.98 OK
r-devel-linux-x86_64-fedora-clang 0.0.104 54.24 NOTE
r-devel-linux-x86_64-fedora-gcc 0.0.104 51.10 NOTE
r-devel-windows-x86_64 0.0.104 5.00 54.00 59.00 OK
r-patched-linux-x86_64 0.0.104 2.68 28.64 31.32 OK
r-release-linux-x86_64 0.0.104 2.75 28.37 31.12 OK
r-release-macos-arm64 0.0.104 20.00 OK
r-release-macos-x86_64 0.0.104 48.00 OK
r-release-windows-x86_64 0.0.104 5.00 60.00 65.00 OK
r-oldrel-macos-arm64 0.0.104 29.00 OK
r-oldrel-macos-x86_64 0.0.104 40.00 OK
r-oldrel-windows-x86_64 0.0.104 6.00 62.00 68.00 OK

Check Details

Version: 0.0.104
Check: dependencies in R code
Result: NOTE Namespaces in Imports field not imported from: ‘Hmisc’ ‘class’ ‘e1071’ ‘gam’ ‘gbm’ ‘glmnet’ ‘randomForest’ ‘weights’ ‘xgboost’ All declared Imports should be used. Flavors: r-devel-linux-x86_64-fedora-clang, r-devel-linux-x86_64-fedora-gcc