Last updated on 2025-05-09 06:49:14 CEST.
Flavor | Version | Tinstall | Tcheck | Ttotal | Status | Flags |
---|---|---|---|---|---|---|
r-devel-linux-x86_64-debian-clang | 0.1.0 | 7.36 | 66.22 | 73.58 | NOTE | |
r-devel-linux-x86_64-debian-gcc | 0.1.0 | 5.46 | 49.04 | 54.50 | NOTE | |
r-devel-linux-x86_64-fedora-clang | 0.1.0 | 117.76 | NOTE | |||
r-devel-linux-x86_64-fedora-gcc | 0.1.0 | 125.22 | NOTE | |||
r-devel-windows-x86_64 | 0.1.0 | 9.00 | 79.00 | 88.00 | NOTE | |
r-patched-linux-x86_64 | 0.1.0 | 6.75 | 62.93 | 69.68 | NOTE | |
r-release-linux-x86_64 | 0.1.0 | 6.17 | 63.36 | 69.53 | NOTE | |
r-release-macos-arm64 | 0.1.0 | 50.00 | NOTE | |||
r-release-macos-x86_64 | 0.1.0 | 91.00 | NOTE | |||
r-release-windows-x86_64 | 0.1.0 | 10.00 | 81.00 | 91.00 | NOTE | |
r-oldrel-macos-arm64 | 0.1.0 | 47.00 | OK | |||
r-oldrel-macos-x86_64 | 0.1.0 | 78.00 | OK | |||
r-oldrel-windows-x86_64 | 0.1.0 | 10.00 | 97.00 | 107.00 | OK |
Version: 0.1.0
Check: DESCRIPTION meta-information
Result: NOTE
Missing dependency on R >= 4.1.0 because package code uses the pipe
|> or function shorthand \(...) syntax added in R 4.1.0.
File(s) using such syntax:
‘CreateCohortExplorerApp.R’
Flavors: r-devel-linux-x86_64-debian-clang, r-devel-linux-x86_64-debian-gcc, r-devel-linux-x86_64-fedora-clang, r-devel-linux-x86_64-fedora-gcc, r-devel-windows-x86_64, r-patched-linux-x86_64, r-release-linux-x86_64, r-release-macos-arm64, r-release-macos-x86_64, r-release-windows-x86_64