Last updated on 2025-01-23 06:49:38 CET.
Flavor | Version | Tinstall | Tcheck | Ttotal | Status | Flags |
---|---|---|---|---|---|---|
r-devel-linux-x86_64-debian-clang | 0.4.0 | 6.92 | 742.12 | 749.04 | OK | |
r-devel-linux-x86_64-debian-gcc | 0.4.0 | 4.67 | 516.52 | 521.19 | OK | |
r-devel-linux-x86_64-fedora-clang | 0.4.0 | 1173.40 | OK | |||
r-devel-linux-x86_64-fedora-gcc | 0.4.0 | 1122.48 | OK | |||
r-devel-windows-x86_64 | 0.4.0 | 8.00 | 436.00 | 444.00 | OK | |
r-patched-linux-x86_64 | 0.4.0 | 7.84 | 686.30 | 694.14 | OK | |
r-release-linux-x86_64 | 0.4.0 | 6.87 | 694.76 | 701.63 | OK | |
r-release-macos-arm64 | 0.4.0 | 219.00 | NOTE | |||
r-release-macos-x86_64 | 0.4.0 | 324.00 | NOTE | |||
r-release-windows-x86_64 | 0.4.0 | 8.00 | 442.00 | 450.00 | NOTE | |
r-oldrel-macos-arm64 | 0.4.0 | 227.00 | NOTE | |||
r-oldrel-macos-x86_64 | 0.4.0 | 377.00 | NOTE | |||
r-oldrel-windows-x86_64 | 0.4.0 | 10.00 | 627.00 | 637.00 | NOTE |
Version: 0.4.0
Check: installed package size
Result: NOTE
installed size is 5.6Mb
sub-directories of 1Mb or more:
doc 3.5Mb
help 1.9Mb
Flavors: r-release-macos-arm64, r-release-macos-x86_64, r-release-windows-x86_64, r-oldrel-macos-arm64, r-oldrel-macos-x86_64, r-oldrel-windows-x86_64