CRAN Package Check Results for Package CAESAR.Suite

Last updated on 2025-01-19 00:49:30 CET.

Flavor Version Tinstall Tcheck Ttotal Status Flags
r-devel-linux-x86_64-debian-clang 0.1.0 67.18 871.38 938.56 OK
r-devel-linux-x86_64-debian-gcc 0.1.0 61.88 659.04 720.92 OK
r-devel-linux-x86_64-fedora-clang 0.1.0 1780.50 OK
r-devel-linux-x86_64-fedora-gcc 0.1.0 1766.48 OK
r-devel-windows-x86_64 0.1.0 80.00 823.00 903.00 OK
r-patched-linux-x86_64 0.1.0 65.87 847.32 913.19 OK
r-release-linux-x86_64 0.1.0 64.90 865.06 929.96 OK
r-release-macos-arm64 0.1.0 10.00 ERROR
r-release-macos-x86_64 0.1.0 502.00 NOTE
r-release-windows-x86_64 0.1.0 94.00 827.00 921.00 OK
r-oldrel-macos-arm64 0.1.0 461.00 NOTE
r-oldrel-macos-x86_64 0.1.0 11.00 ERROR
r-oldrel-windows-x86_64 0.1.0 91.00 1046.00 1137.00 OK

Check Details

Version: 0.1.0
Check: package dependencies
Result: ERROR Package required but not available: ‘ProFAST’ See section ‘The DESCRIPTION file’ in the ‘Writing R Extensions’ manual. Flavors: r-release-macos-arm64, r-oldrel-macos-x86_64

Version: 0.1.0
Check: installed package size
Result: NOTE installed size is 8.4Mb sub-directories of 1Mb or more: data 1.4Mb doc 1.1Mb libs 5.5Mb Flavors: r-release-macos-x86_64, r-oldrel-macos-arm64