Last updated on 2025-01-18 15:48:16 CET.
Flavor | Version | Tinstall | Tcheck | Ttotal | Status | Flags |
---|---|---|---|---|---|---|
r-devel-linux-x86_64-debian-clang | 2.1 | 52.58 | 51.08 | 103.66 | OK | |
r-devel-linux-x86_64-debian-gcc | 2.1 | 35.38 | 37.10 | 72.48 | OK | |
r-devel-linux-x86_64-fedora-clang | 2.1 | 193.34 | OK | |||
r-devel-linux-x86_64-fedora-gcc | 2.1 | 225.07 | OK | |||
r-devel-windows-x86_64 | 2.1 | 59.00 | 119.00 | 178.00 | OK | |
r-patched-linux-x86_64 | 2.1 | 51.68 | 48.65 | 100.33 | NOTE | |
r-release-linux-x86_64 | 2.1 | 52.59 | 47.66 | 100.25 | NOTE | |
r-release-macos-arm64 | 2.1 | 61.00 | NOTE | |||
r-release-macos-x86_64 | 2.1 | 79.00 | NOTE | |||
r-release-windows-x86_64 | 2.1 | 57.00 | 117.00 | 174.00 | NOTE | |
r-oldrel-macos-arm64 | 2.1 | 69.00 | NOTE | |||
r-oldrel-macos-x86_64 | 2.1 | 114.00 | NOTE | |||
r-oldrel-windows-x86_64 | 2.1 | 63.00 | 119.00 | 182.00 | NOTE |
Version: 2.1
Check: LazyData
Result: NOTE
'LazyData' is specified without a 'data' directory
Flavors: r-patched-linux-x86_64, r-release-linux-x86_64, r-release-macos-arm64, r-release-macos-x86_64, r-release-windows-x86_64, r-oldrel-macos-arm64, r-oldrel-macos-x86_64, r-oldrel-windows-x86_64