CRAN Package Check Results for Package popdemo

Last updated on 2025-02-21 15:52:00 CET.

Flavor Version Tinstall Tcheck Ttotal Status Flags
r-devel-linux-x86_64-debian-clang 1.3-1 12.04 129.08 141.12 NOTE
r-devel-linux-x86_64-debian-gcc 1.3-1 7.58 96.40 103.98 NOTE
r-devel-linux-x86_64-fedora-clang 1.3-1 206.15 NOTE
r-devel-linux-x86_64-fedora-gcc 1.3-1 206.51 NOTE
r-devel-macos-arm64 1.3-1 58.00 NOTE
r-devel-macos-x86_64 1.3-1 116.00 NOTE
r-devel-windows-x86_64 1.3-1 12.00 118.00 130.00 NOTE
r-patched-linux-x86_64 1.3-1 11.57 121.91 133.48 NOTE
r-release-linux-x86_64 1.3-1 10.22 122.81 133.03 NOTE
r-release-macos-arm64 1.3-1 54.00 NOTE
r-release-macos-x86_64 1.3-1 84.00 NOTE
r-release-windows-x86_64 1.3-1 13.00 124.00 137.00 NOTE
r-oldrel-macos-arm64 1.3-1 54.00 NOTE
r-oldrel-macos-x86_64 1.3-1 90.00 NOTE
r-oldrel-windows-x86_64 1.3-1 15.00 169.00 184.00 NOTE

Check Details

Version: 1.3-1
Check: Rd files
Result: NOTE checkRd: (-1) plot.tfam.Rd:17: Lost braces 17 | objects created using code{tfam_inertia}.} | ^ checkRd: (-1) popdemo-package.Rd:32: Lost braces 32 | code{\link{inertia}} measures asymptotic population density relative to stable | ^ checkRd: (-1) tfa_inertia.Rd:33: Lost braces 33 | item{inertia}{inertias of perturbed matrices} | ^ checkRd: (-1) tfa_inertia.Rd:33: Lost braces 33 | item{inertia}{inertias of perturbed matrices} | ^ Flavors: r-devel-linux-x86_64-debian-clang, r-devel-linux-x86_64-debian-gcc, r-devel-linux-x86_64-fedora-clang, r-devel-linux-x86_64-fedora-gcc, r-devel-macos-arm64, r-devel-macos-x86_64, r-devel-windows-x86_64, r-patched-linux-x86_64, r-release-linux-x86_64, r-release-macos-arm64, r-release-macos-x86_64, r-release-windows-x86_64

Version: 1.3-1
Check: installed package size
Result: NOTE installed size is 5.4Mb sub-directories of 1Mb or more: doc 4.9Mb Flavors: r-release-macos-arm64, r-release-macos-x86_64, r-release-windows-x86_64, r-oldrel-macos-arm64, r-oldrel-macos-x86_64, r-oldrel-windows-x86_64